 - o**3 + 4*o**2 + 6*o - 4. Is 8 a factor of w(-5)?
True
Suppose -5*y - 31 = -2*y + 5*t, 3*t = -15. Let o = y + 12. Is 10 a factor of o?
True
Let f = 19 - 5. Does 3 divide f?
False
Let j = 28 - 28. Suppose j = -3*v - 3*u + 27, 2*v + 3*u + 21 = 3*v. Is v a multiple of 5?
False
Let n(f) = -f**2 + 9*f + 2. Suppose -5*m + 40 = 3*l + l, -2*m - 7 = -3*l. Let o be n(m). Suppose -3*q + q + o = 0. Is 8 a factor of q?
False
Let o = -1 + 5. Suppose -5*s = -0*m + m - 172, 2*m - s = 300. Suppose 2*k - 96 = -2*z, -z + m = 3*z - o*k. Is z a multiple of 14?
False
Suppose 208 = 5*h + 3*u, 0*u - u + 216 = 5*h. Is 11 a factor of h?
True
Let t = 14 - 10. Is 4 a factor of t?
True
Let l(d) = -d**3 + 7*d**2 - 5*d + 7. Let i be l(5). Let o = i - 20. Does 6 divide o?
True
Let r = 5 + -93. Let w(d) = -d**2 - 3*d - 2. Let k be w(-3). Is 11 a factor of k/(-6) - r/6?
False
Let x = -12 + 14. Suppose 2*c - 3*t - x*t = 214, -2*t = 0. Is c a multiple of 26?
False
Let i(n) = 2*n**2 + 10*n + 12. Is 22 a factor of i(-13)?
True
Let z(g) = -3*g + 18. Does 9 divide z(0)?
True
Suppose y - 74 = -3*o, -o + 71 = o + 5*y. Is 4 a factor of o?
False
Let r(c) = c**2 + 4*c + 3. Let u be r(-3). Suppose u = 5*q + 263 - 703. Is 21 a factor of -1*(q - -2)/(-3)?
False
Suppose 4*q - 256 = 184. Is q a multiple of 22?
True
Suppose -3*j + 69 = -g + 3*g, -5*g + 5*j = -110. Is 27 a factor of g?
True
Suppose -3*f = -i + 5, -2 + 12 = 2*f + 2*i. Does 21 divide f - 3 - 22*-3?
True
Suppose -3*g + 3 = -6. Suppose -g*o + 3*y - y = -8, -4*o - 4*y - 16 = 0. Suppose 4*i = 2*w - w - 23, o = 5*w + 2*i - 71. Does 15 divide w?
True
Let d = 9 - 7. Let r be 0/(((-8)/(-2))/d). Suppose -l + r*l = -1, 18 = 2*y + 4*l. Is y even?
False
Is 358/6 + (-8)/12 a multiple of 13?
False
Suppose -14 = -s + 24. Does 14 divide s?
False
Let l = 2 - 1. Suppose 2*p - 5 = l. Suppose 3*d - 102 = 2*u - 3*u, -4*d + 136 = p*u. Is d a multiple of 17?
True
Suppose -3*h + 11 + 1 = 0. Suppose 0 = 2*g + 2*i - h, -3*g + 3*i + 26 + 4 = 0. Is g a multiple of 3?
True
Suppose 3*o - 368 = 7*o + 4*p, -4*p = -4*o - 360. Let d = o - -151. Suppose -3*c = -d - 18. Does 12 divide c?
False
Let p(j) = j**2 + 3*j + 9. Is 2 a factor of p(-4)?
False
Let n(z) = 2*z**2 + z + 5. Is n(5) a multiple of 20?
True
Let q = 3 + 2. Suppose -3*v + y - 2*y = -18, q*v - 4*y = 30. Is 2 + 42/9*v a multiple of 15?
True
Suppose 0*o = -2*o + 8. Suppose 24 = -r + o*r. Is 6 a factor of r?
False
Suppose -p + 4 - 2 = 0. Suppose -m + p*m = 48. Suppose 0 = -0*f - 4*f + m. Does 6 divide f?
True
Does 12 divide (5/(5/2))/((-4)/(-222))?
False
Let z(q) = -12*q - 3. Let k be ((-6)/15)/((-1)/(-5)). Is 7 a factor of z(k)?
True
Let r be 1/(22/(-12) + 2). Let s(a) = a**2 + 6*a - 10. Let h(q) = -2*q**2 - 5*q + 11. Let l(k) = 2*h(k) + 3*s(k). Does 2 divide l(r)?
True
Let o be 1 - (0/1 + 2). Let v = o + 2. Let y(x) = 25*x**2 + 2*x - 1. Does 13 divide y(v)?
True
Suppose -4*a + 35 = -5*d - 96, -3*d = 3*a - 132. Is 8 a factor of a?
False
Let t(r) = -2*r**3 + 17*r**2 - 7*r - 12. Is t(6) a multiple of 14?
True
Let s = -111 + 156. Let n = 6 - 2. Suppose s = n*r - 19. Is r a multiple of 16?
True
Let s(k) = -228*k - 4. Is s(-1) a multiple of 28?
True
Suppose 4*d - 3*h = -0*d + 49, 0 = 4*d + 5*h - 89. Suppose -2*u = 2*u - b - d, -4*b = 4*u - 36. Suppose -4*x + 16 = 0, 4*x + 44 + 5 = u*i. Is 13 a factor of i?
True
Let s(c) be the second derivative of -c**4/12 + 4*c**3/3 + 5*c**2 + 6*c. Is 17 a factor of s(7)?
True
Let h = 8 + -12. Let f(b) = -7*b. Let k be f(6). Does 7 divide (h/(-6))/((-4)/k)?
True
Let s(a) = a**3 - 14*a**2 - 13*a + 14. Does 11 divide s(15)?
True
Suppose -2*n + 190 = u - n, 0 = n - 3. Is 42 a factor of u?
False
Suppose 2*g + 10 + 5 = 5*x, 2*x - 6 = -5*g. Suppose g = -2*j + 35 + 17. Is j a multiple of 14?
False
Suppose 5*j + 4*b = 124, -1 - 4 = -5*b. Is 8 a factor of j?
True
Let c(t) be the first derivative of 2*t**5/5 - t**4/24 + t**2/2 - 2. Let r(g) be the second derivative of c(g). Is r(1) a multiple of 9?
False
Let m(x) = x**3 + x**2 - x + 2. Let s be m(2). Let t(o) = -o**3 + 4*o**2 + 4*o - 3. Let d be t(5). Let y = s + d. Is y even?
True
Suppose 2 = 2*r - 5*z - 21, 3*z = 2*r - 25. Suppose r = 2*w + a, 0 = w - 4*w + 2*a + 28. Does 7 divide w?
False
Let g(f) be the first derivative of -1/3*f**3 + 3*f**2 + 3*f + 2. Is g(6) even?
False
Let k(o) = -o**2 - 2*o + 3. Let z be k(3). Let x = 3 - z. Does 5 divide x?
True
Let x(h) be the third derivative of h**5/15 - h**4/8 - 2*h**3/3 - 4*h**2. Is x(-2) a multiple of 6?
True
Suppose -68*u + 272 = -64*u. Is u a multiple of 4?
True
Suppose 0 = -3*z - 2*i - 2*i - 14, 2*z + 2*i + 6 = 0. Suppose 2*k - 3*v - 251 = -3*k, 0 = z*k - 3*v - 104. Does 21 divide k?
False
Let u(g) = g**3 - 6*g**2 - 7*g + 6. Let s be u(7). Is (s/(-8))/((-1)/4) even?
False
Let q(j) = -23*j - 1. Let o be -2*(1 + (-3)/6). Let k be q(o). Is 9 a factor of k + (-3)/(6/2)?
False
Let v = -34 + 61. Is v a multiple of 9?
True
Let r(l) be the first derivative of -2*l**2 - 3*l - 3. Is r(-6) a multiple of 6?
False
Let u = 47 - -139. Does 31 divide u?
True
Let j be -5 + -23 + 0 + 0. Let g = -18 - j. Is 5 a factor of g?
True
Let b(f) = f**3 - 8*f**2 - 8*f + 10. Let i be (-2 + -1)/(4/(-12)). Does 5 divide b(i)?
False
Let r = 1 + 3. Let v = r - -7. Is 4 a factor of v?
False
Let i(a) = 41*a**2 + a - 1. Suppose -4*y = -3*s - 23, 0*y + 5*y - 30 = 5*s. Suppose 5*c - d = 9, 23 = 5*c - 2*c - y*d. Is 14 a factor of i(c)?
False
Let v(k) be the second derivative of -k**5/20 - 7*k**4/12 + k**3/6 + 7*k**2/2 + k. Let y be v(-7). Is y/2 + 3 - 0 even?
False
Suppose 0 = -2*a - 2*a + 384. Is a a multiple of 12?
True
Suppose 4*u = 152 - 56. Does 12 divide u?
True
Let x(q) = -q**3 + 5*q**2 + 2*q - 4. Is 5 a factor of x(4)?
True
Let c(i) = 163*i**3 - 2*i**2 + i. Is 24 a factor of c(1)?
False
Suppose 0 = 2*q + 55 - 145. Suppose -p + 4 = -4*u + 17, 31 = 3*u - 5*p. Suppose 3*w = 4*k + 18 + 27, -u*k - q = -3*w. Does 8 divide w?
False
Let v(i) = 6*i**3 - 3*i**2 + i + 4. Is v(2) a multiple of 7?
True
Let w = 2 - -1. Suppose w*p = -2*v + v + 39, 141 = 3*v + 3*p. Suppose -y - 5*c = -28, 4*y - y = -4*c + v. Is 7 a factor of y?
False
Let d = -5 - -8. Suppose 0 = i - 2*w - 14, -d*w + 7 = -5*i + 56. Is i a multiple of 3?
False
Let l be (-4)/16 + 45/(-12). Let i be (-65)/l + (-3)/12. Suppose 0 = -w + 2 + i. Is w a multiple of 11?
False
Suppose -s = -5*h + 128, -6*s + 4*s + 82 = 3*h. Is 3 a factor of h?
False
Suppose 8*j - 8 = 4*j. Suppose j*d = -d - 66. Let v = d - -44. Does 11 divide v?
True
Suppose 24 = 3*y + 3. Let q = 16 - y. Is q a multiple of 2?
False
Suppose -16 - 4 = -4*j, -h + 5*j - 25 = 0. Suppose h*u = -5*u + 20. Let v = 49 - u. Is 20 a factor of v?
False
Suppose 0*a = -2*a - 6, -t + 30 = -4*a. Does 18 divide t?
True
Let m(p) = -7*p - 1. Let g be m(-4). Let y = g + -24. Is y a multiple of 3?
True
Let n be ((-2)/(-2) + -1)*1. Suppose -o - 2*b - 3 = n, 3 = -o + 3*o + b. Let z = o - -2. Is 5 a factor of z?
True
Let m(w) = -w + 2. Let g be m(0). Let v = 19 - 38. Is 17 a factor of (v + 2)*(g - 3)?
True
Let l be 1/6 + 246/36. Let o = 28 + l. Does 12 divide o?
False
Let h be -20*-4*1/2. Let j = h + -13. Is j a multiple of 27?
True
Suppose 3*n - 632 = -0*x - x, -5*n = -4*x - 1076. Is 13 a factor of n?
False
Suppose -8 = -5*c + c, b - 3*c = -12. Let t be b/(1 - 3) + 3. Suppose 0 = n + 4*u - t, n - 9 = -5*u - 3. Is n a multiple of 6?
True
Let s(t) be the first derivative of 47*t**3/3 - t**2/2 - 1. Is 16 a factor of s(-1)?
True
Let u(i) = i**3 + 7*i**2 + 2*i + 3. Is u(-6) a multiple of 6?
False
Let q = 109 + -24. Suppose -2*w + w - 59 = 0. Let h = w + q. Is h a multiple of 13?
True
Let z be (1 - 1 - -3) + 0. Let f = 11 + z. Is f a multiple of 7?
True
Suppose -3*z - 3 = 2*r - 4, 3*r + 8 = 5*z. Is 6 a factor of 0 + 17 + 0/r?
False
Let b be ((-3)/6)/((-1)/4). Let t(q) = -6*q**2 - 15 + 3*q + q**3 - 5*q**b - q + 10*q. Is 3 a factor of t(10)?
False
Is 2 a factor of ((-8)/(-12))/((-3)/(-18))?
True
Suppose 125 = 3*i - l - 21, 4*l - 136 = -3*i. Is i a multiple of 20?
False
Let r(v) = -v**3 + 9*v**2 - v - 9. Let s(n) = -5*n**3 + 37*n**2 - 4*n - 37. Let z(k) = 9*r(k) - 2*s(k). Does 14 divide z(-6)?
False
Suppose 8 = 7*d - 5*d. Does 4 divide d?
True
Suppose m + 1 = 6. Suppose 2*h + 45 = -m*b + 124, 218 = 4*h - 2*b. Suppose z - 2*l = 6*z